{"id":156,"date":"2024-07-31T14:19:03","date_gmt":"2024-07-31T12:19:03","guid":{"rendered":"https:\/\/folklorekuttolsheim.fr\/?page_id=156"},"modified":"2024-08-02T17:21:30","modified_gmt":"2024-08-02T15:21:30","slug":"costumes-des-enfants","status":"publish","type":"page","link":"https:\/\/folklorekuttolsheim.fr\/?page_id=156","title":{"rendered":"Costumes des enfants"},"content":{"rendered":"\t\t<div data-elementor-type=\"wp-page\" data-elementor-id=\"156\" class=\"elementor elementor-156\">\n\t\t\t\t<div class=\"elementor-element elementor-element-f2ea2a5 e-flex e-con-boxed e-con e-parent\" data-id=\"f2ea2a5\" data-element_type=\"container\">\n\t\t\t\t\t<div class=\"e-con-inner\">\n\t\t\t\t<div class=\"elementor-element elementor-element-b298832 elementor-widget elementor-widget-text-editor\" data-id=\"b298832\" data-element_type=\"widget\" data-widget_type=\"text-editor.default\">\n\t\t\t\t<div class=\"elementor-widget-container\">\n\t\t\t<style>\/*! elementor - v3.23.0 - 05-08-2024 *\/\n.elementor-widget-text-editor.elementor-drop-cap-view-stacked .elementor-drop-cap{background-color:#69727d;color:#fff}.elementor-widget-text-editor.elementor-drop-cap-view-framed .elementor-drop-cap{color:#69727d;border:3px solid;background-color:transparent}.elementor-widget-text-editor:not(.elementor-drop-cap-view-default) .elementor-drop-cap{margin-top:8px}.elementor-widget-text-editor:not(.elementor-drop-cap-view-default) .elementor-drop-cap-letter{width:1em;height:1em}.elementor-widget-text-editor .elementor-drop-cap{float:left;text-align:center;line-height:1;font-size:50px}.elementor-widget-text-editor .elementor-drop-cap-letter{display:inline-block}<\/style>\t\t\t\t<p>Dans les campagnes, les <strong>jeunes gar\u00e7ons rev\u00eataient la blouse bleue.<\/strong> Plut\u00f4t ample, elle accompagne facilement leur croissance. Ils portaient avec un pantalon noir.<\/p>\n<p>Mais comme pour les adultes, <strong>la tenue est le reflet de la condition sociale.<\/strong> Ainsi, certains gar\u00e7ons portaient d\u00e9j\u00e0 la tenue identique \u00e0 celles des adultes soit <strong>le pantalon noir, le gilet rouge et la veste noire.<\/strong><\/p>\n<p>\u00a0<\/p>\n<p>Les petites filles portaient une <strong>jupe en cotonnade avec un tablier en coton<\/strong>, tenue identique \u00e0 celle de la femme paysanne.<\/p>\n<p>En revanche, sur la t\u00eate elles portaient une <strong>couronne de fleurs.<\/strong><\/p>\n<p><img fetchpriority=\"high\" decoding=\"async\" class=\"alignleft size-medium wp-image-225\" src=\"http:\/\/folklorekuttolsheim.fr\/wp-content\/uploads\/2024\/08\/072-Folklore-1167-Catherine-Theulin-300x200.jpg\" alt=\"\" width=\"300\" height=\"200\" srcset=\"https:\/\/folklorekuttolsheim.fr\/wp-content\/uploads\/2024\/08\/072-Folklore-1167-Catherine-Theulin-300x200.jpg 300w, https:\/\/folklorekuttolsheim.fr\/wp-content\/uploads\/2024\/08\/072-Folklore-1167-Catherine-Theulin-1024x683.jpg 1024w, https:\/\/folklorekuttolsheim.fr\/wp-content\/uploads\/2024\/08\/072-Folklore-1167-Catherine-Theulin-768x512.jpg 768w, https:\/\/folklorekuttolsheim.fr\/wp-content\/uploads\/2024\/08\/072-Folklore-1167-Catherine-Theulin-1536x1024.jpg 1536w, https:\/\/folklorekuttolsheim.fr\/wp-content\/uploads\/2024\/08\/072-Folklore-1167-Catherine-Theulin-2048x1365.jpg 2048w, https:\/\/folklorekuttolsheim.fr\/wp-content\/uploads\/2024\/08\/072-Folklore-1167-Catherine-Theulin-450x300.jpg 450w\" sizes=\"(max-width: 300px) 100vw, 300px\" \/> <img decoding=\"async\" class=\"size-medium wp-image-224 alignleft\" src=\"http:\/\/folklorekuttolsheim.fr\/wp-content\/uploads\/2024\/08\/062-Folklore-1167-Catherine-Theulin-300x200.jpg\" alt=\"\" width=\"300\" height=\"200\" srcset=\"https:\/\/folklorekuttolsheim.fr\/wp-content\/uploads\/2024\/08\/062-Folklore-1167-Catherine-Theulin-300x200.jpg 300w, https:\/\/folklorekuttolsheim.fr\/wp-content\/uploads\/2024\/08\/062-Folklore-1167-Catherine-Theulin-1024x683.jpg 1024w, https:\/\/folklorekuttolsheim.fr\/wp-content\/uploads\/2024\/08\/062-Folklore-1167-Catherine-Theulin-768x512.jpg 768w, https:\/\/folklorekuttolsheim.fr\/wp-content\/uploads\/2024\/08\/062-Folklore-1167-Catherine-Theulin-1536x1024.jpg 1536w, https:\/\/folklorekuttolsheim.fr\/wp-content\/uploads\/2024\/08\/062-Folklore-1167-Catherine-Theulin-2048x1366.jpg 2048w, https:\/\/folklorekuttolsheim.fr\/wp-content\/uploads\/2024\/08\/062-Folklore-1167-Catherine-Theulin-450x300.jpg 450w\" sizes=\"(max-width: 300px) 100vw, 300px\" \/> <img decoding=\"async\" class=\"alignright size-medium wp-image-226\" src=\"http:\/\/folklorekuttolsheim.fr\/wp-content\/uploads\/2024\/08\/070-Folklore-1167-Catherine-Theulin-300x200.jpg\" alt=\"\" width=\"300\" height=\"200\" srcset=\"https:\/\/folklorekuttolsheim.fr\/wp-content\/uploads\/2024\/08\/070-Folklore-1167-Catherine-Theulin-300x200.jpg 300w, https:\/\/folklorekuttolsheim.fr\/wp-content\/uploads\/2024\/08\/070-Folklore-1167-Catherine-Theulin-1024x683.jpg 1024w, https:\/\/folklorekuttolsheim.fr\/wp-content\/uploads\/2024\/08\/070-Folklore-1167-Catherine-Theulin-768x512.jpg 768w, https:\/\/folklorekuttolsheim.fr\/wp-content\/uploads\/2024\/08\/070-Folklore-1167-Catherine-Theulin-1536x1024.jpg 1536w, https:\/\/folklorekuttolsheim.fr\/wp-content\/uploads\/2024\/08\/070-Folklore-1167-Catherine-Theulin-2048x1365.jpg 2048w, https:\/\/folklorekuttolsheim.fr\/wp-content\/uploads\/2024\/08\/070-Folklore-1167-Catherine-Theulin-450x300.jpg 450w\" sizes=\"(max-width: 300px) 100vw, 300px\" \/><\/p>\t\t\t\t\t\t<\/div>\n\t\t\t\t<\/div>\n\t\t\t\t\t<\/div>\n\t\t\t\t<\/div>\n\t\t\t\t<\/div>\n\t\t","protected":false},"excerpt":{"rendered":"<p>Dans les campagnes, les jeunes gar\u00e7ons rev\u00eataient la blouse bleue. Plut\u00f4t ample, elle accompagne facilement leur croissance. Ils portaient avec un pantalon noir. Mais comme &hellip;<\/p>\n","protected":false},"author":1,"featured_media":0,"parent":49,"menu_order":3,"comment_status":"closed","ping_status":"closed","template":"","meta":{"footnotes":""},"class_list":["post-156","page","type-page","status-publish","hentry"],"_links":{"self":[{"href":"https:\/\/folklorekuttolsheim.fr\/index.php?rest_route=\/wp\/v2\/pages\/156","targetHints":{"allow":["GET"]}}],"collection":[{"href":"https:\/\/folklorekuttolsheim.fr\/index.php?rest_route=\/wp\/v2\/pages"}],"about":[{"href":"https:\/\/folklorekuttolsheim.fr\/index.php?rest_route=\/wp\/v2\/types\/page"}],"author":[{"embeddable":true,"href":"https:\/\/folklorekuttolsheim.fr\/index.php?rest_route=\/wp\/v2\/users\/1"}],"replies":[{"embeddable":true,"href":"https:\/\/folklorekuttolsheim.fr\/index.php?rest_route=%2Fwp%2Fv2%2Fcomments&post=156"}],"version-history":[{"count":7,"href":"https:\/\/folklorekuttolsheim.fr\/index.php?rest_route=\/wp\/v2\/pages\/156\/revisions"}],"predecessor-version":[{"id":232,"href":"https:\/\/folklorekuttolsheim.fr\/index.php?rest_route=\/wp\/v2\/pages\/156\/revisions\/232"}],"up":[{"embeddable":true,"href":"https:\/\/folklorekuttolsheim.fr\/index.php?rest_route=\/wp\/v2\/pages\/49"}],"wp:attachment":[{"href":"https:\/\/folklorekuttolsheim.fr\/index.php?rest_route=%2Fwp%2Fv2%2Fmedia&parent=156"}],"curies":[{"name":"wp","href":"https:\/\/api.w.org\/{rel}","templated":true}]}}